In base 6, what is 532422 + -21?
532401
In base 5, what is 3 + 302042?
302100
In base 6, what is -5 - -4332324?
4332315
In base 2, what is 1001111000101010001 + 1?
1001111000101010010
In base 11, what is -15189 - -42?
-15147
In base 8, what is -2 - 351124?
-351126
In base 12, what is -42974 - 7?
-4297b
In base 12, what is -15 + -5872?
-5887
In base 4, what is 113 - -121102?
121221
In base 16, what is 34 + 47cf?
4803
In base 6, what is -143 + 1414?
1231
In base 9, what is -886 + 510?
-376
In base 15, what is ad - 88?
25
In base 6, what is -152 - -20?
-132
In base 13, what is 0 - -7bc6?
7bc6
In base 13, what is -3 + 190821?
19081b
In base 16, what is 1 + 10948?
10949
In base 7, what is 14335051 - 2?
14335046
In base 10, what is -25859 - 32?
-25891
In base 15, what is 3 - -1d751?
1d754
In base 9, what is 6 + 54263?
54270
In base 16, what is 2 - -68?
6a
In base 2, what is -1001 + 1100100101100?
1100100100011
In base 2, what is 1000 - -100100010001110100?
100100010001111100
In base 9, what is -342 - 14?
-356
In base 5, what is 34334122 - -1?
34334123
In base 4, what is 2100 - -202010?
210110
In base 15, what is -cd3c - -13?
-cd29
In base 16, what is -96 - -2b?
-6b
In base 10, what is -62 + -366?
-428
In base 8, what is -12 + 23166?
23154
In base 7, what is 3 - -61525?
61531
In base 9, what is 88 - -22307?
22406
In base 2, what is 10100111110001000000 - 11?
10100111110000111101
In base 15, what is 12 + -1b96?
-1b84
In base 8, what is 40162 + -204?
37756
In base 2, what is -111110111001011 + 100?
-111110111000111
In base 12, what is -7a51 - 5?
-7a56
In base 5, what is 4230411 + 2?
4230413
In base 3, what is 1021010 - 10220220?
-2122210
In base 16, what is -53 + 14fc9?
14f76
In base 7, what is -401305 + 16?
-401256
In base 10, what is 10 + 13?
23
In base 12, what is -29 - -1267?
123a
In base 13, what is 4641 + -1a?
4624
In base 5, what is 1002 - 113?
334
In base 15, what is 41e18 - -2?
41e1a
In base 8, what is -16044 - -1?
-16043
In base 16, what is -2b3 - -b?
-2a8
In base 11, what is -481341 - 4?
-481345
In base 3, what is -12100012010 + 2?
-12100012001
In base 13, what is 7a506 + 1?
7a507
In base 6, what is -33 + -32535?
-33012
In base 6, what is 42 - -13504?
13550
In base 7, what is -200130 + -11?
-200141
In base 9, what is 124854 - -5?
124860
In base 6, what is 50045 + 30?
50115
In base 11, what is 118 - 3a?
89
In base 16, what is 151d + 16d?
168a
In base 10, what is 4775 - -49?
4824
In base 5, what is -231441401 - -1?
-231441400
In base 5, what is 114302 + -10?
114242
In base 11, what is -40 - 38?
-78
In base 11, what is 0 + 3a6a?
3a6a
In base 14, what is -45 + 1c01?
1b9a
In base 6, what is 3304251 + -1?
3304250
In base 10, what is -444597 - 4?
-444601
In base 6, what is -2 - -141003?
141001
In base 13, what is -20c - -8ac?
6a0
In base 10, what is -15 - -13899?
13884
In base 9, what is 62246 + 2?
62248
In base 5, what is 10 - 214020?
-214010
In base 2, what is -101011100101001001010 + 100?
-101011100101001000110
In base 7, what is -12066154 + 1?
-12066153
In base 11, what is 13 + 95237?
9524a
In base 6, what is -45 - -32153?
32104
In base 4, what is 300002320 - 2?
300002312
In base 8, what is -113 + 12510?
12375
In base 12, what is 2990 - -46?
2a16
In base 12, what is 41ba7 - 0?
41ba7
In base 8, what is 126715 - 3?
126712
In base 3, what is -1 + -221101211?
-221101212
In base 15, what is 33b - 63?
2c8
In base 15, what is 61b - 9?
612
In base 2, what is 111001001 + 10100100?
1001101101
In base 13, what is 266507 - -2?
266509
In base 3, what is -202102022 + -11?
-202102110
In base 6, what is -1012 + -102142?
-103154
In base 7, what is -4 - 62642?
-62646
In base 15, what is -4da91 + 1?
-4da90
In base 12, what is -b + 56a4?
5695
In base 11, what is -111 + 154?
43
In base 10, what is 11 + -1094?
-1083
In base 10, what is 13 - -373?
386
In base 16, what is 2 + -29f6?
-29f4
In base 6, what is 2132 + 53442?
100014
In base 3, what is 120002121001 - 11?
120002120220
In base 2, what is -110110111000000 - 1100?
-110110111001100
In base 13, what is 2591b9 + -3?
2591b6
In base 16, what is 11f - -2dc0?
2edf
In base 15, what is -4c + -28b?
-2d8
In base 8, what is -102 + -1501?
-1603
In base 10, what is -21970 - 19?
-21989
In base 9, what is -23142 - 4?
-23146
In base 8, what is 1 - -34432?
34433
In base 11, what is -169 - -11492?
11324
In base 8, what is -5 - 562127?
-562134
In base 6, what is 5 - -35031412?
35031421
In base 4, what is -11 + -11220113?
-11220130
In base 3, what is 11001 + 12201121?
12212122
In base 5, what is 23213 - -34?
23302
In base 3, what is -2011 - 1202101?
-1211112
In base 12, what is -705 + 128?
-599
In base 16, what is 3de4 - -c4?
3ea8
In base 7, what is -6 - 52215?
-52224
In base 6, what is -440 + 230?
-210
In base 14, what is -7d9bbb + -3?
-7d9bc0
In base 10, what is -1585410 - -4?
-1585406
In base 10, what is 20 + 4934?
4954
In base 10, what is 3 - -718203?
718206
In base 7, what is -23332 + 456?
-22543
In base 11, what is a5 - -98?
192
In base 8, what is -5533 + 14?
-5517
In base 3, what is -200 + -1112122?
-1120022
In base 11, what is -7 - -60a12?
60a06
In base 2, what is 101011 + 1000001001001101?
1000001001111000
In base 15, what is 3 - ed8a1?
-ed89d
In base 6, what is 10221433 + 2?
10221435
In base 16, what is -2 - 4645f?
-46461
In base 2, what is -100 - 1101100000111?
-1101100001011
In base 12, what is -1a63 + 4?
-1a5b
In base 16, what is e + -a05c?
-a04e
In base 6, what is -25515321 - 2?
-25515323
In base 3, what is -1 - 200212021?
-200212022
In base 6, what is 1 + 10205?
10210
In base 12, what is -4 - 792a?
-7932
In base 11, what is -3161 + -a?
-3170
In base 9, what is -1757 - 11?
-1768
In base 5, what is -1 - -43310?
43304
In base 11, what is 0 - -160a69?
160a69
In base 8, what is 1416 - 240?
1156
In base 4, what is -112321003 - 10?
-112321013
In base 8, what is 505 + 6360?
7065
In base 10, what is -190320 + 5?
-190315
In base 11, what is -a1066 + 5?
-a1061
In base 15, what is -3ba - 10?
-3ca
In base 3, what is 122 + 121022?
121221
In base 13, what is -6c2 - -b6?
-609
In base 9, what is 325454 - -4?
325458
In base 5, what is -110424 + -343?
-111322
In base 12, what is 1a - -24?
42
In base 2, what is 1111001 - 100000001111?
-11110010110
In base 2, what is -1010001 - -11111111111?
11110101110
In base 12, what is 0 - -140428?
140428
In base 12, what is b9b1 - 0?
b9b1
In base 15, what is -5 + 14010?
1400a
In base 11, what is 2a + 1052?
1081
In base 9, what is 0 - -111572?
111572
In base 14, what is -1a40 - -33?
-1a0b
In base 15, what is 2ae355 + -4?
2ae351
In base 3, what is 110101 - -2012?
112120
In base 13, what is b - -4185?
4193
In base 14, what is -11a7 + d?
-1198
In base 9, what is -151872 + -41?
-152023
In base 6, what is 101 - 5031?
-4530
In base 13, what is -22 - 34c?
-371
In base 13, what is 0 - 54466?
-54466
In base 4, what is -22 + -21112?
-21200
In base 4, what is 3 + -2113221?
-2113212
In base 2, what is 1110011101 - 1110010001?
1100
In base 7, what is -30004 - -4?
-30000
In base 6, what is -13 + -12042013?
-12042030
In base 13, what is -757c4 - 1?
-757c5
In base 2, what is -1011011 + -10011010101110?
-10011100001001
In base 2, what is 1011110011 - -10000010?
1101110101
In base 16, what is 272e - 1?
272d
In base 3, what is -1201 + 101100010?
101021102
In base 15, what is 173c - 6b?
16c1
In base 8, what is 1 - 5662?
-5661
In base 16, what is 1311a - -2?
1311c
In base 11, what is -152126 + 20?
-152106
In base 14, what is 9 - -36?
41
In base 8, what is -1233 + -265?
-1520
In base 3, what is -11 + 22212212222?
22212212211
In base 6, what is -43134 - -4343?
-34351
In base 6, what is -11 - -1522020?
1522005
In base 9, what is 157 + 225?
383
In base 14, what is 144d2 - 4?
144cc
In base 15, what is a - 111ab?
-111a1
In base 16, what is 6b - -5840?
58ab
In base 12, what is a9 + -aa?
-1
In base 2, what is -1011110001010110 + 101?
-1011110001010001
In base 3, what is 1010 + -10211?
-2201
In base 2, what is -1000100 - 10010111100?
-10100000000
In base 16, what is 3 - -cbb2?
cbb5
In base 9, what is -747 - 2416?
-3264
In base 11, what is -1 - 8a?
-90
In base 9, what is -68 - 4171?
-4250
In base 12, what is -580 - 91?
-651
In base 10, what is 351423 + -3?
351420
In base 13, what is 3 + 400?
403
In base 3, what is 11102001201